{"id":2292,"date":"2016-01-16T21:17:23","date_gmt":"2016-01-16T19:17:23","guid":{"rendered":"http:\/\/www.lapinkanakoirat.com\/wp\/?page_id=2292"},"modified":"2020-03-09T10:28:45","modified_gmt":"2020-03-09T08:28:45","slug":"koeilmoittautumiskaavake","status":"publish","type":"page","link":"https:\/\/www.lapinkanakoirat.com\/?page_id=2292","title":{"rendered":"KoeilmoittautumiNEN"},"content":{"rendered":"\n<p>Lapin kanakoirayhdistyksen kokeissa k\u00e4ytet\u00e4\u00e4n s\u00e4hk\u00f6ist\u00e4 koeilmoittautumista:<\/p>\n\n\n\n<p><a href=\"https:\/\/kanakoirakerho.fi\/content\/s%C3%A4hk%C3%B6inen-koeilmoittautuminen-0\">https:\/\/kanakoirakerho.fi\/content\/s%C3%A4hk%C3%B6inen-koeilmoittautuminen-0<\/a><\/p>\n","protected":false},"excerpt":{"rendered":"Lapin kanakoirayhdistyksen kokeissa k\u00e4ytet\u00e4\u00e4n s\u00e4hk\u00f6ist\u00e4 koeilmoittautumista: https:\/\/kanakoirakerho.fi\/content\/s%C3%A4hk%C3%B6inen-koeilmoittautuminen-0","protected":false},"author":1,"featured_media":0,"parent":0,"menu_order":0,"comment_status":"closed","ping_status":"closed","template":"","meta":{"footnotes":""},"class_list":["post-2292","page","type-page","status-publish","hentry"],"_links":{"self":[{"href":"https:\/\/www.lapinkanakoirat.com\/index.php?rest_route=\/wp\/v2\/pages\/2292","targetHints":{"allow":["GET"]}}],"collection":[{"href":"https:\/\/www.lapinkanakoirat.com\/index.php?rest_route=\/wp\/v2\/pages"}],"about":[{"href":"https:\/\/www.lapinkanakoirat.com\/index.php?rest_route=\/wp\/v2\/types\/page"}],"author":[{"embeddable":true,"href":"https:\/\/www.lapinkanakoirat.com\/index.php?rest_route=\/wp\/v2\/users\/1"}],"replies":[{"embeddable":true,"href":"https:\/\/www.lapinkanakoirat.com\/index.php?rest_route=%2Fwp%2Fv2%2Fcomments&post=2292"}],"version-history":[{"count":2,"href":"https:\/\/www.lapinkanakoirat.com\/index.php?rest_route=\/wp\/v2\/pages\/2292\/revisions"}],"predecessor-version":[{"id":3145,"href":"https:\/\/www.lapinkanakoirat.com\/index.php?rest_route=\/wp\/v2\/pages\/2292\/revisions\/3145"}],"wp:attachment":[{"href":"https:\/\/www.lapinkanakoirat.com\/index.php?rest_route=%2Fwp%2Fv2%2Fmedia&parent=2292"}],"curies":[{"name":"wp","href":"https:\/\/api.w.org\/{rel}","templated":true}]}}